) to base 15.
-3
Convert -110 (base 3) to base 10.
-12
What is 100001 (base 2) in base 4?
201
What is 8 (base 14) in base 6?
12
What is 31 (base 4) in base 7?
16
Convert -41 (base 15) to base 11.
-56
Convert 8 (base 13) to base 14.
8
What is 3 (base 10) in base 13?
3
Convert -1 (base 7) to base 3.
-1
Convert 3 (base 6) to base 8.
3
Convert 2a (base 14) to base 15.
28
What is -10011100 (base 2) in base 4?
-2130
What is -31 (base 8) in base 12?
-21
What is -7 (base 12) in base 14?
-7
What is 2a (base 15) in base 7?
55
What is -3a (base 13) in base 5?
-144
What is -326 (base 9) in base 12?
-1a3
Convert 10010 (base 4) to base 13.
170
Convert -57 (base 9) to base 4.
-310
Convert -1 (base 16) to base 6.
-1
Convert 4 (base 9) to base 15.
4
-3 (base 13) to base 8
-3
-3 (base 12) to base 5
-3
What is -2 (base 3) in base 15?
-2
What is 2 (base 8) in base 16?
2
Convert 1 (base 6) to base 5.
1
What is -20 (base 10) in base 6?
-32
Convert -202 (base 3) to base 5.
-40
Convert -11011 (base 3) to base 2.
-1110000
What is 0 (base 12) in base 14?
0
Convert -20 (base 15) to base 16.
-1e
Convert 74 (base 14) to base 7.
204
-11 (base 3) to base 14
-4
Convert 102 (base 3) to base 7.
14
Convert -101 (base 4) to base 9.
-18
What is -196 (base 12) in base 11?
-215
Convert -1 (base 4) to base 8.
-1
Convert -41 (base 9) to base 2.
-100101
51 (base 15) to base 8
114
23 (base 13) to base 15
1e
Convert -1010 (base 2) to base 13.
-a
Convert 2 (base 6) to base 2.
10
Convert 4 (base 15) to base 10.
4
-49 (base 14) to base 5
-230
What is -1 (base 5) in base 14?
-1
What is 57 (base 9) in base 10?
52
What is 34 (base 7) in base 10?
25
-20210 (base 3) to base 5
-1213
What is 7d (base 16) in base 5?
1000
What is -73 (base 16) in base 3?
-11021
Convert -6 (base 11) to base 10.
-6
What is -14d (base 15) in base 4?
-10222
Convert 29 (base 10) to base 5.
104
-56 (base 14) to base 7
-136
What is -55 (base 8) in base 15?
-30
-5 (base 15) to base 11
-5
Convert 122 (base 3) to base 12.
15
-101001 (base 2) to base 7
-56
Convert 1120 (base 6) to base 4.
10020
c0 (base 15) to base 7
345
28 (base 11) to base 4
132
What is 8 (base 13) in base 14?
8
-e (base 15) to base 11
-13
Convert 11 (base 3) to base 4.
10
What is 3 (base 14) in base 8?
3
What is -7 (base 10) in base 16?
-7
Convert -67 (base 13) to base 14.
-61
28 (base 16) to base 9
44
-1b (base 13) to base 12
-20
Convert 33 (base 6) to base 14.
17
58 (base 15) to base 10
83
1 (base 10) to base 3
1
-34 (base 13) to base 11
-3a
What is 10 (base 16) in base 14?
12
-53 (base 8) to base 9
-47
Convert -33 (base 16) to base 14.
-39
What is 3 (base 8) in base 3?
10
What is -12110 (base 3) in base 11?
-124
What is 3 (base 14) in base 15?
3
Convert -4 (base 10) to base 5.
-4
Convert 11021 (base 3) to base 5.
430
What is 16 (base 14) in base 6?
32
What is -2b (base 16) in base 4?
-223
What is 11 (base 4) in base 5?
10
Convert -2 (base 13) to base 8.
-2
What is -14 (base 10) in base 13?
-11
5 (base 13) to base 3
12
-10 (base 2) to base 9
-2
Convert -10 (base 4) to base 6.
-4
11 (base 8) to base 5
14
23 (base 15) to base 9
36
Convert 24 (base 6) to base 13.
13
What is -3 (base 7) in base 12?
-3
What is -1010 (base 2) in base 11?
-a
-100 (base 4) to base 5
-31
432 (base 5) to base 9
140
What is -1110101 (base 2) in base 5?
-432
Convert 5 (base 11) to base 3.
12
What is 11 (base 4) in base 7?
5
8 (base 10) to base 15
8
4 (base 13) to base 15
4
Convert 0 (base 3) to base 10.
0
What is -2 (base 7) in base 14?
-2
2 (base 5) to base 12
2
-50 (base 8) to base 16
-28
Convert b3 (base 14) to base 6.
421
Convert 1101111 (base 2) to base 14.
7d
154 (base 6) to base 16
46
-3 (base 13) to base 12
-3
What is -2 (base 11) in base 4?
-2
-10101011 (base 2) to base 13
-102
Convert 11 (base 2) to base 4.
3
What is -1 (base 5) in base 3?
-1
What is -41 (base 15) in base 2?
-111101
What is 0 (base 14) in base 16?
0
-2 (base 7) to base 9
-2
What is -16 (base 16) in base 15?
-17
e1 (base 16) to base 11
195
-33 (base 13) to base 16
-2a
Convert 7 (base 8) to base 14.
7
Convert 0 (base 3) to base 14.
0
1 (base 16) to base 7
1
What is 2 (base 13) in base 12?
2
Convert 2 (base 12) to base 3.
2
Convert 1 (base 15) to base 12.
1
What is 2 (base 14) in base 4?
2
Convert -230 (base 6) to base 15.
-60
Convert -a (base 16) to base 11.
-a
Convert 11 (base 6) to base 14.
7
Convert 33 (base 9) to base 6.
50
Convert -2 (base 14) to base 9.
-2
1000000 (base 2) to base 11
59
Convert -11 (base 7) to base 12.
-8
What is -9 (base 15) in base 2?
-1001
Convert -35 (base 11) to base 13.
-2c
Convert 1030 (base 4) to base 12.
64
62 (base 7) to base 2
101100
12 (base 4) to base 14
6
What is -13 (base 14) in base 4?
-101
Convert -1010 (base 2) to base 13.
-a
-7 (base 12) to base 5
-12
-4 (base 12) to base 5
-4
Convert 20 (base 3) to base 4.
12
-5 (base 14) to base 5
-10
-e (base 15) to base 13
-11
What is 0 (base 3) in base 5?
0
24 (base 10) to base 4
120
5 (base 13) to base 6
5
What is -4 (base 5) in base 6?
-4
Convert 11010 (base 2) to base 11.
24
Convert 10110 (base 2) to base 11.
20
Convert 11 (base 12) to base 4.
31
Convert 8 (base 12) to base 15.
8
Convert -213 (base 4) to base 15.
-29
Convert -4 (base 13) to base 4.
-10
-6 (base 8) to base 9
-6
39 (base 15) to base 9
60
Convert 2 (base 6) to base 15.
2
Convert 81 (base 15) to base 7.
232
Convert -a8 (base 13) to base 10.
-138
Convert 113 (base 7) to base 2.
111011
-13 (base 5) to base 10
-8
-1 (base 7) to base 9
-1
What is 2e (base 16) in base 6?
114
0 (base 4) to base 16
0
13 (base 16) to base 15
14
-15 (base 6) to base 4
-23
Convert 64 (base 14) to base 3.
10021
12 (base 7) to base 15
9
-5 (base 14) to base 3
-12
What is 11001 (base 2) in base 15?
1a
Convert -4 (base 16) to base 12.
-4
What is -16 (base 12) in base 14?
-14
What is -36 (base 16) in base 11?
-4a
-113 (base 8) to base 16
-4b
Convert -6 (base 11) to base 2.
-110
Convert 30 (base 5) to base 3.
120
What is -221 (base 5) in base 15?
-41
What is 2a (base 14) in base 4?
212
Convert -53 (base 13) to base 12.
-58
What is 4 (base 14) in base 4?
10
Convert 22 (base 13) to base 6.
44
-34 (base 5) to base 14
-15
-55 (base 7) to base 6
-104
What is 12 (base 9) in base 6?
15
Convert b (base 16) to base 14.
b
2202 (base 3) to base 10
74
What is 11000110 (base 2) in base 6?
530
5 (base 11) to base 15
5
What is 2 (base 13) in base 12?
2
What is 3 (base 10) in base 5?
3
2213 (base 4) to base 13
cb
Convert 42 (base 11) to base 9.
51
Convert -123 (base 5) to base 13.
-2c
156 (base 9) to base 10
132
What is -2 (base 6) in base 2?
-10
What is -c (base 15) in base 4?
-30
Convert -8e (base 16) to base 7.
-262
What is 1135 (base 6) in base 16?
113
Convert -3 (base 16) to base 4.
-3
What is 10000 (base 4) in base 8?
400
Convert 29 (base 10) to base 4.
131
3 (base 15) to base 10
3
Convert 30 (base 6) to base 11.
17
-22 (base 3) to base 11
-8
What is -7 (base 11) in base 3?
-21
-110011 (base 2) to base 13
-3c
-20 (base 7) to base 15
-e
105 (base 15) to base 16
e6
Convert -63 (base 7) to base 3.
-1200
9d (base 14) to base 9
164
Convert 34 (base 13) to base 7.
61
Convert 2 (base 4) to base 8.
2
Convert -1 (base 10) to base 3.
-1
Convert -c1 (base 15) to base 12.
-131
Convert 2 (base 16) to base 6.
2
201 (base 5) to base 6
123
What is 3210 (base 4) in base 11?
198
21 (base 12) to base 4
121
2 (base 7) to base 16
2
2 (base 13) to base 5
2
What is 54 (base 10) in base 6?
130
171 (base 12) to base 7
445
2 (base 14) to base 6
2
What is 2 (base 6) in base 4?
2
-3 (base 5) to base 6
-3
What is -408 (base 9) in base 3?
-110022
2 (base 5) to base 7
2
96 (base 11) to base 16
69
What is -11 (base 7) in base 5?
-13
What is 265 (base 8) in base 7?
346
What is -18 (base 10) in base 15?
-13
What is -11110 (base 2) in base 10?
-30
11002 (base 3) to base 8
156
What is 1c (base 13) in base 10?
25
-14 (base 10) to base 15
-e
-220 (base 5) to base 11
-55
What is 113 (base 5) in base 16?
21
12 (base 3) to base 2
101
0 (base 6) to base 15
0
Convert 9b (base 16) to base 10.
155
Convert -10011100 (base 2) to base 4.
-2130
Convert -4 (base 8) to base 3.
-11
What is 25 (base 16) in base 9?
41
Convert -5 (base 11) to base 15.
-5
-b (base 13) to base 16
-b
What is -102 (base 4) in base 11?
-17
What is -25 (base 16) in base 5?
-12